(base 15) to base 9.
1
4 (base 8) to base 11
4
What is 4 (base 10) in base 7?
4
Convert -27 (base 10) to base 3.
-1000
Convert 101 (base 2) to base 3.
12
What is 163 (base 10) in base 16?
a3
What is -7 (base 11) in base 10?
-7
Convert -106 (base 8) to base 3.
-2121
What is 33 (base 7) in base 10?
24
Convert 213 (base 4) to base 11.
36
Convert -42 (base 14) to base 7.
-112
What is -147 (base 10) in base 4?
-2103
Convert -3 (base 8) to base 10.
-3
Convert 37 (base 8) to base 2.
11111
What is -18 (base 16) in base 7?
-33
-2 (base 9) to base 2
-10
Convert 3 (base 4) to base 2.
11
What is -f7 (base 16) in base 8?
-367
What is -3 (base 11) in base 8?
-3
Convert 2 (base 10) to base 2.
10
What is 109 (base 10) in base 3?
11001
What is -10100 (base 2) in base 16?
-14
16 (base 12) to base 14
14
-315 (base 7) to base 16
-9f
-2 (base 15) to base 6
-2
-218 (base 9) to base 4
-2303
16 (base 16) to base 11
20
What is 2 (base 11) in base 13?
2
-3 (base 15) to base 3
-10
19 (base 15) to base 13
1b
What is 3 (base 16) in base 11?
3
-3 (base 14) to base 15
-3
What is -2 (base 14) in base 4?
-2
Convert 3 (base 6) to base 10.
3
112 (base 6) to base 15
2e
-1110 (base 2) to base 9
-15
281 (base 10) to base 6
1145
-4 (base 11) to base 4
-10
-7 (base 9) to base 16
-7
Convert 0 (base 9) to base 7.
0
Convert 4 (base 13) to base 9.
4
Convert -5 (base 15) to base 2.
-101
13 (base 9) to base 14
c
What is 4 (base 9) in base 6?
4
21 (base 5) to base 6
15
Convert 7c (base 13) to base 7.
205
Convert -3 (base 9) to base 16.
-3
-75 (base 10) to base 11
-69
Convert -21 (base 3) to base 14.
-7
What is 12 (base 15) in base 6?
25
What is -2 (base 15) in base 11?
-2
-2a (base 12) to base 2
-100010
Convert -7 (base 12) to base 13.
-7
Convert 2 (base 15) to base 7.
2
What is 10 (base 4) in base 3?
11
What is -16 (base 13) in base 5?
-34
-11110 (base 2) to base 9
-33
Convert 4 (base 8) to base 11.
4
6 (base 15) to base 6
10
176 (base 11) to base 12
150
What is 1002 (base 4) in base 14?
4a
-15 (base 14) to base 6
-31
What is -1 (base 12) in base 4?
-1
-2 (base 8) to base 6
-2
Convert 113 (base 8) to base 11.
69
Convert -1000 (base 2) to base 7.
-11
What is 6 (base 14) in base 3?
20
Convert 3 (base 4) to base 9.
3
Convert -65 (base 7) to base 14.
-35
What is -1 (base 3) in base 11?
-1
12 (base 8) to base 11
a
Convert 111 (base 4) to base 8.
25
Convert 223 (base 5) to base 14.
47
Convert 44 (base 14) to base 8.
74
What is 1 (base 13) in base 7?
1
What is -52 (base 15) in base 2?
-1001101
-21 (base 8) to base 13
-14
What is -25 (base 6) in base 13?
-14
1 (base 6) to base 7
1
Convert -3 (base 9) to base 7.
-3
-1 (base 5) to base 6
-1
Convert 253 (base 8) to base 7.
333
Convert 1 (base 2) to base 3.
1
What is 8 (base 15) in base 5?
13
What is 2100 (base 3) in base 6?
143
12 (base 11) to base 9
14
4 (base 11) to base 8
4
What is -3 (base 5) in base 2?
-11
What is 4 (base 11) in base 16?
4
What is 283 (base 11) in base 8?
515
Convert 4 (base 10) to base 5.
4
Convert 2 (base 9) to base 4.
2
68 (base 10) to base 16
44
What is -123 (base 8) in base 3?
-10002
-2 (base 8) to base 12
-2
Convert -1 (base 15) to base 11.
-1
1 (base 15) to base 7
1
48 (base 11) to base 2
110100
What is -130 (base 4) in base 3?
-1001
What is 31 (base 10) in base 6?
51
Convert 16 (base 11) to base 13.
14
What is 8 (base 15) in base 12?
8
What is 49 (base 14) in base 6?
145
Convert 124 (base 9) to base 8.
147
What is 111 (base 9) in base 2?
1011011
Convert 1011 (base 3) to base 10.
31
What is -1 (base 8) in base 14?
-1
-222 (base 4) to base 16
-2a
Convert 3 (base 7) to base 6.
3
What is -2 (base 14) in base 13?
-2
What is -2 (base 11) in base 13?
-2
What is 2 (base 7) in base 11?
2
-31 (base 14) to base 8
-53
Convert 110 (base 3) to base 5.
22
-121 (base 9) to base 8
-144
3 (base 14) to base 10
3
Convert 1 (base 11) to base 10.
1
313 (base 7) to base 11
133
1c (base 15) to base 12
23
What is -23 (base 10) in base 13?
-1a
Convert -322 (base 4) to base 6.
-134
What is -b (base 13) in base 9?
-12
What is 5 (base 14) in base 9?
5
36 (base 12) to base 8
52
Convert aa (base 15) to base 16.
a0
What is 103 (base 5) in base 3?
1001
What is 13 (base 9) in base 16?
c
Convert 4 (base 9) to base 5.
4
Convert 3 (base 11) to base 7.
3
-38 (base 9) to base 12
-2b
3 (base 4) to base 2
11
What is 112 (base 3) in base 6?
22
Convert c0 (base 15) to base 2.
10110100
48 (base 14) to base 8
100
Convert 12 (base 14) to base 12.
14
What is 4 (base 12) in base 16?
4
What is 32 (base 15) in base 12?
3b
What is 11031 (base 4) in base 9?
410
Convert 34 (base 12) to base 4.
220
Convert 52 (base 11) to base 9.
63
Convert -4 (base 15) to base 8.
-4
Convert -53 (base 7) to base 13.
-2c
What is 1 (base 4) in base 10?
1
Convert -7 (base 15) to base 14.
-7
9 (base 13) to base 4
21
Convert -b (base 12) to base 8.
-13
What is 36 (base 8) in base 14?
22
-116 (base 10) to base 9
-138
Convert -3 (base 9) to base 5.
-3
Convert -62 (base 9) to base 11.
-51
Convert 11011 (base 2) to base 8.
33
215 (base 8) to base 12
b9
What is 154 (base 6) in base 14?
50
Convert -2 (base 12) to base 16.
-2
Convert 40 (base 7) to base 6.
44
0 (base 8) to base 15
0
1 (base 10) to base 9
1
Convert -2032 (base 4) to base 16.
-8e
What is -9 (base 16) in base 3?
-100
Convert -23 (base 5) to base 3.
-111
0 (base 4) to base 11
0
What is -b (base 14) in base 15?
-b
Convert -100010111 (base 2) to base 7.
-546
What is 5 (base 15) in base 11?
5
What is -8 (base 9) in base 11?
-8
Convert -1 (base 16) to base 13.
-1
23 (base 5) to base 15
d
What is 13 (base 6) in base 2?
1001
-1e (base 15) to base 6
-45
What is -61 (base 9) in base 16?
-37
Convert -2 (base 15) to base 5.
-2
-13 (base 4) to base 2
-111
Convert -404 (base 7) to base 16.
-c8
What is 5 (base 16) in base 10?
5
71 (base 10) to base 14
51
Convert 245 (base 8) to base 2.
10100101
-8 (base 10) to base 16
-8
-11 (base 16) to base 2
-10001
What is -2 (base 7) in base 14?
-2
-12 (base 12) to base 2
-1110
What is 440 (base 6) in base 5?
1133
-54 (base 8) to base 15
-2e
What is 23 (base 13) in base 5?
104
What is 332 (base 4) in base 2?
111110
Convert 0 (base 13) to base 5.
0
Convert -7 (base 10) to base 5.
-12
Convert -5 (base 12) to base 3.
-12
Convert 311 (base 9) to base 11.
210
What is 26 (base 9) in base 3?
220
-1 (base 12) to base 4
-1
What is -4b (base 12) in base 5?
-214
What is 0 (base 10) in base 9?
0
Convert 1 (base 12) to base 10.
1
What is -1121 (base 3) in base 5?
-133
-22 (base 8) to base 15
-13
Convert 4 (base 6) to base 14.
4
Convert 5 (base 6) to base 12.
5
Convert -64 (base 7) to base 6.
-114
What is 2 (base 7) in base 15?
2
4 (base 11) to base 7
4
-121 (base 8) to base 6
-213
What is 4c (base 14) in base 2?
1000100
1 (base 9) to base 2
1
88 (base 11) to base 2
1100000
-3c (base 13) to base 8
-63
Convert -1 (base 10) to base 16.
-1
-111 (base 14) to base 3
-21211
What is 0 (base 7) in base 16?
0
Convert 33 (base 6) to base 16.
15
What is 3 (base 14) in base 16?
3
What is a (base 16) in base 6?
14
Convert -21 (base 14) to base 13.
-23
What is 3 (base 8) in base 9?
3
What is 45 (base 6) in base 3?
1002
What is 1100000 (base 2) in base 9?
116
What is -6 (base 11) in base 7?
-6
What is 120 (base 5) in base 2?
100011
What is -9 (base 16) in base 15?
-9
What is -11 (base 15) in base 11?
-15
-16 (base 15) to base 2
-10101
-7 (base 16) to base 14
-7
Convert 0 (base 10) to base 16.
0
What is 5 (base 12) in base 7?
5
What is -3 (base 15) in base 5?
-3
What is 0 (base 15) in base 8?
0
-66 (base 8) to base 13
-42
What is -23 (base 14) in base 15?
-21
14 (base 5) to base 13
9
Convert 4 (base 16) to base 11.
4
Convert 0 (base 10) to base 4.
0
12 (base 14) to base 12
14
What is 261 (base 7) in base 12?
b9
What is -11 (base 13) in base 14?
-10
Convert -12 (base 11) to base 7.
-16
Convert 18 (base 9) to base 3.
122
1 (base 3) to base 11
1
-237 (base 8) to base 9
-186
-44 (base 15) to base 8
-100
2 (base 3) to base 16
2
What is 131 (base 5) in base 7?
56
Convert -200 (base 5) to base 9.
-55
What is 10011 (base 2) in base 16?
13
-7 (base 16) to base 8
-7
Convert 1010 (base 2) to base 15.
a
What is 0 (base 14) in base 11?
0
What is -220 (base 8) in base 2?
-10010000
Convert -114 (base 5) to base 6.
-54
Convert 312 (base 4) to base 13.
42